d derivative of -q**5/20 - 7*q**4/12 + 13*q**3/6 + 5*q**2 - q. Let m be g(-10). What is the greatest common divisor of m and 72?
36
Suppose -123 = -3*i - 3*n, -3*i - n = -3*n - 143. Let v(s) = -s**3 + 5*s**2 + 2*s - 6. Let t be v(4). What is the highest common divisor of t and i?
9
Let g(c) = 10*c**2 + 4*c. Let u be g(3). Let r be (578/136)/((-27)/(-12) - 2). Calculate the greatest common divisor of u and r.
17
Suppose 27 = 5*m - 8. Suppose h + m = 2. Let i(l) = -l**3 + 4*l + 5. Let b be i(h). What is the greatest common factor of 10 and b?
10
Let u = 258 + -246. Calculate the greatest common factor of 12 and u.
12
Suppose 10*m = 76*m - 132. What is the greatest common divisor of m and 9?
1
Let t = -59 - -63. Let x be (-780)/(-26) - 0/(t/(-2)). Calculate the greatest common divisor of x and 20.
10
Let r(o) = 7*o**3 - 2*o**2 + 6*o - 8. Let f be r(4). Calculate the highest common divisor of 16 and f.
16
Let m = 72 + -28. Let t be 400 - ((-48)/8 + 7 + 3 + 0). Calculate the greatest common divisor of m and t.
44
Suppose 24*l + 1260 = 39*l. Calculate the greatest common divisor of l and 1596.
84
Let v be 4/26 + (-7482)/(-377). What is the greatest common divisor of 260 and v?
20
Suppose 0*g - 5*g + 690 = 0. Suppose 0 = 28*j + 4661 - 5949. Calculate the greatest common factor of j and g.
46
Let r(z) = -2*z**3 + z**2 - z - 2. Let q be r(-2). Suppose -5*y = -110 - q. Suppose 39*w - 369 = 1152. Calculate the highest common factor of w and y.
13
Let d = -162 - -168. Let h = -2 - -1. Let s be ((-3)/(-9))/(h/(-45)). What is the highest common divisor of s and d?
3
Let n = -653 - -1090. Calculate the highest common divisor of 46 and n.
23
Let n(h) = h**3 - 8*h**2 - 8*h + 10. Let g be n(9). Let d(y) = 4*y + 32. Let u be d(g). What is the greatest common divisor of 54 and u?
54
Let g(m) = 2*m**3 - 9*m**2 + 2*m + 11. Let w be g(8). Calculate the greatest common factor of 25 and w.
25
Let h be 3 + 0 - (5 + -3 - 23). Let v be (-257)/5 + (-2)/(-5). Let l = h - v. Calculate the greatest common divisor of l and 30.
15
Suppose -2*h - 1049 = 221*b - 224*b, -2*h = 5*b - 1759. Calculate the highest common divisor of 130 and b.
13
Let a(y) = -11*y - 2. Let m be a(-2). Suppose -c = 3*c - m. Suppose 2*p + 14 - 34 = -c*k, 58 = 4*p + k. Calculate the greatest common divisor of 10 and p.
5
Suppose 50 = 5*r - 5*v, 5*r + v - 15 = r. Let p be 40 + 4 + (1 + 0)/1. What is the highest common divisor of r and p?
5
Suppose -22 = 4*x - 2. Let w be (-1)/(2 - -1)*315/x. Let c = -103 + 145. Calculate the highest common factor of c and w.
21
Let g(x) = 13*x + 199. Let l be g(-15). What is the greatest common divisor of 332 and l?
4
Let b be 89 + (-2 + 2 - -3). Let k = b - 64. Calculate the greatest common factor of 42 and k.
14
Let g(n) = -n**3 + 27*n**2 - 2*n + 35. Let w be g(27). Let s = w + 44. Let h(d) = -99*d + 2. Let z be h(-2). What is the highest common divisor of z and s?
25
Let r(z) = -z**3 + 5*z**2 + 8*z. Let j be r(6). Let n = -32 - -80. Calculate the greatest common factor of j and n.
12
Let l(t) = 19*t + 172. Let c be l(-9). What is the highest common factor of 1 and c?
1
Let n(l) = -32*l + 224. Let j be n(5). What is the highest common factor of 112 and j?
16
Let u be -3*(-111)/21 + (-2)/(-14). Let c be -10 + u + 0 + -2. What is the highest common factor of 20 and c?
4
Suppose -3*x = -5*x + 16. Suppose -12*h + x*h = -176. What is the greatest common divisor of h and 11?
11
Let l be (-181)/(-4) + (-2)/8. Let m = -39 + 43. Suppose -210 = -3*c - m*c. Calculate the highest common divisor of l and c.
15
Let n = -1724 + 2874. Calculate the greatest common factor of n and 150.
50
Suppose 728 = -34*p + 41*p. Calculate the highest common factor of p and 8.
8
Suppose -5*m - 4*o + 222 = 0, m - 51 = -0*o - 3*o. Let k be 3/(-3 + 12)*(m + 3). What is the greatest common divisor of 5 and k?
5
Suppose -9*a = r - 11*a - 498, 0 = 3*r - 2*a - 1486. What is the greatest common factor of 152 and r?
38
Let y = -187 + 199. Calculate the highest common factor of y and 76.
4
Suppose -3*o + 46 = 5*m - 81, o = m - 27. Suppose -m*y + 65 = -21*y. What is the greatest common factor of 52 and y?
13
Suppose 4*r + 50 = -r. Let w be ((-8)/10)/(4/r). Suppose 2 = t - 2, 22 = w*v - 2*t. What is the greatest common divisor of 135 and v?
15
Suppose v + 4 + 0 = 0, 4*x + v - 36 = 0. Let c be 4/((-5)/(x/(-4))). Let p = c + 23. Calculate the highest common factor of p and 10.
5
Suppose 3*p - 2071 = -4*u, 0*u = u + 2*p - 519. Let z = u - 27. Calculate the greatest common factor of z and 49.
49
Let s be 4 + (4/(-1) - -4). Suppose 5*r - 5*o - 590 = 0, -o + 484 = s*r + o. Calculate the greatest common factor of 24 and r.
24
Let a(q) = -q + 18. Let u be a(0). Let k = -13177 - -13181. What is the highest common divisor of k and u?
2
Let y be ((-28)/8)/(2/(-148)). Suppose 0 = -11*m - 3*m + 518. Calculate the greatest common divisor of m and y.
37
Suppose -5*h - 4*v = 30, -2*h - v - 1 = -4*h. Let i be (-148)/(-8) + h/4. Suppose q = -3 + i. What is the highest common factor of q and 45?
15
Let f be (-15)/(-4)*(3 - -1). Let a be (-18)/(-24)*(-680)/(-51). Calculate the highest common factor of f and a.
5
Suppose -6*u + 990 = -u. Suppose -3*j = -4*g - 721, 3*j = 6*j + 3. Let t = g - -199. What is the highest common factor of u and t?
18
Suppose 4268 - 768 = 20*k. What is the highest common factor of 15 and k?
5
Suppose -114 = -84*f + 83*f. What is the greatest common factor of f and 54?
6
Let c be 1*4 + -15 + 10. Let f be (c/4)/1 - 2103/(-12). What is the highest common divisor of 25 and f?
25
Let g be 10 - (0 + -1) - (-12 + 8). Let z(w) = -w**2 + 16*w - 10. Let h be z(15). Calculate the highest common divisor of g and h.
5
Let a(y) = 2*y**2 - 5*y - 2. Let r be a(5). Let f = -51 + 15. Let o = f - -174. What is the greatest common factor of o and r?
23
Let s = 19 + 1. Let d = s + -17. Suppose 22 = d*w - 50. What is the highest common divisor of 36 and w?
12
Let d be (1 - -2) + -4 + -19. Let f be -1*2/(8/d). Calculate the highest common factor of 5 and f.
5
Let k = -1004 + 1032. Calculate the highest common divisor of k and 1162.
14
Suppose 4*g - 146 = 6. Suppose -29*p + 1704 + 8214 = 0. Calculate the highest common factor of g and p.
38
Let c be (-6 - 15/5)*-6. Let l = 6 - -3. Calculate the greatest common factor of l and c.
9
Suppose 200 = -7*j + 2*j. Let y = -2 - j. What is the greatest common divisor of 19 and y?
19
Suppose 16 = 4*d - 96. Let x be d/3 - 8/(-12). Let o be (-5)/(((-6)/(-2))/(-6)). Calculate the highest common divisor of x and o.
10
Let t = 92 + -88. Calculate the greatest common divisor of 4 and t.
4
Let r be 2/12*4*45. Suppose 16 = 4*h - 4. Suppose -4*u = -h*k + 70, -15 = k - 4*k - 3*u. Calculate the greatest common factor of r and k.
10
Suppose -3 = -5*r + 47. Suppose -3*o = 2*k - r - 82, -2 = -2*k. Let i = o + 8. Calculate the highest common factor of i and 57.
19
Suppose 0 = -4*u - 16 + 60. Let o be 18*(165/(-75))/(2/(-5)). What is the highest common divisor of o and u?
11
Let d(a) = a**3 + a**2 - a - 1. Let c be d(2). Let p be (-245)/(-3) - (5 + (-143)/33). What is the highest common factor of p and c?
9
Suppose q = 4*q - 3*i + 66, -4*q - i - 73 = 0. Let o = q - -26. Calculate the highest common divisor of o and 56.
7
Let r(a) = -a**2 + 10*a - 3. Suppose 500 = -5*w - 765. Let z be w/(-33) - 1/(-3). Let x be r(z). What is the greatest common divisor of 65 and x?
13
Let s(q) = q**3 - 3*q**2 - q + 9. Let b be s(6). Let n = b + -65. What is the highest common divisor of 2 and n?
2
Suppose 2*g + 17 + 31 = 2*c, -5*c - 3*g = -160. Calculate the highest common factor of 58 and c.
29
Suppose 2 = 5*z + l + 12, -5*z + 5*l - 40 = 0. Let s be 15/(z*3/(-9)). Calculate the greatest common divisor of 90 and s.
15
Suppose 4*o + 1818 - 1846 = 0. Let m = -25 + 60. Calculate the greatest common divisor of m and o.
7
Suppose 20*c - 19*c = 5*t - 15, 3 = t - 2*c. Calculate the greatest common factor of 6 and t.
3
Suppose n + 462 = 7*n. Let d = n - -49. Suppose -2*l = l - 42. Calculate the greatest common factor of d and l.
14
Let p(s) = -s**3 - 4*s + 32. Let b be p(0). Suppose -4*l + 2*l = -32. Calculate the greatest common factor of b and l.
16
Let p(y) = -2*y**2 - 66*y + 77. Let r be p(-34). Calculate the greatest commo